lse
Suppose y + y = -10*y. Suppose v + 0*a - a - 2998 = y, -2*a - 14975 = -5*v. Let i = -2054 + v. Is i a composite number?
True
Let k(x) = 189*x - 24. Let z(m) = -190*m + 23. Let w(y) = 3*k(y) + 2*z(y). Let l be w(-6). Let t = -661 - l. Is t a prime number?
True
Let x = -182 - -187. Suppose -2113 = -x*r + 2532. Is r a composite number?
False
Let q = 12 + -19. Let s(m) = m**3 + 10*m**2 - 15*m + 1. Is s(q) a prime number?
False
Is -21*(1/(-2) + (-4624646)/156) composite?
True
Suppose 5*t - 41 = -1. Let b(u) = 2*u**2 - 16*u + 2. Let o be b(t). Suppose 5*x - 4005 = 5*v, -2*v = o*x - 0*v - 1586. Is x a composite number?
False
Suppose 3*k - 27 = -0. Let d be (-1 + 1)/((-36)/k). Suppose 2*x = -2*w + 108, d*x - 4*x + w = -241. Is x prime?
True
Let w(c) be the third derivative of 1/6*c**3 - 5*c**2 + 0*c + 35/6*c**5 + 0 + 1/24*c**4. Is w(-2) composite?
False
Suppose 36*t - 276 = 13*t. Suppose -t*l + 1066 = -3698. Is l a composite number?
False
Let x(j) = -300*j - 19. Let y(f) = -599*f - 39. Let a(q) = -5*x(q) + 2*y(q). Is a(15) composite?
False
Let l = -335833 + 611912. Is l composite?
False
Let q = -66 + 59. Let v be 2/q + 214/14. Suppose 847 = v*a - 4*a. Is a a composite number?
True
Let i = 77708 + -41241. Is i a composite number?
False
Suppose 5*o - 2 = 2*t, 0 = -o - 0*t - 3*t + 14. Let d be o/(4/3288*-4). Let u = 784 + d. Is u a prime number?
True
Let p(x) = 48529*x**3 - 6*x**2 + 5*x + 1. Is p(1) a composite number?
True
Let l(r) = -162*r**3 + 34*r**2 + 28*r + 33. Is l(-17) a prime number?
True
Suppose -3*p + 105 = 426. Is (-111)/(-74) - p*25/2 a composite number?
True
Suppose -7*n + 191717 - 21498 = 0. Is n a prime number?
True
Let v(u) = 9687*u**3 + 11*u - 3. Let c be v(-3). Is (-2)/(-8) - c/12 prime?
True
Is (6 - (-451)/(-33) - -7)/((-4)/57522) a composite number?
False
Let k = 265236 + -185903. Is k prime?
True
Let v(o) = 61*o + 14. Let m be v(1). Is ((-9)/(-6))/(m/837950) composite?
False
Let b = 4945 - -81508. Is b a prime number?
True
Let z(q) = -39023*q + 5260. Is z(-29) prime?
False
Let b = 8059352 + -4170939. Is b a composite number?
False
Suppose q = -10*q + 61204. Suppose 36*g = 38*g - q. Suppose -5034 - g = -8*h. Is h composite?
False
Let t(g) = 2*g**3 + 4*g**2 + 18*g - 6. Let o be t(-8). Let x = -499 - o. Is x a prime number?
True
Let d be 126/(-294) + (-99426)/21. Let j(n) = -n - 2682. Let a be j(0). Let c = a - d. Is c a prime number?
True
Let f = 114424 - -141877. Is f composite?
False
Suppose -h - i + 649263 = 0, 4*h - 30*i = -31*i + 2597076. Is h a composite number?
True
Suppose -18*h - 11*h = -6525. Suppose -3*j + 2*j + 2*r = -h, 3*j + 4*r - 635 = 0. Is j composite?
True
Let f be 2421*(-2 - (-8)/((-32)/(-12))). Let l = -428 + f. Is l composite?
False
Let b = 160 + -101. Let h = -56 + b. Suppose 0 = -3*z + 2*c + 579 + 1114, -1683 = -3*z - h*c. Is z composite?
False
Suppose -3*z + 7 = -2. Suppose -2*f + 3 = -z, 4*f + 41 = -l. Let i = l + 442. Is i composite?
False
Let y(t) = -2*t + 5. Let l be y(5). Let i be -6 + l + (5 - 3) - -4. Is (1/(-3))/(((-15)/(-5823))/i) a composite number?
False
Suppose 237926 = 6*l - 120628. Is l a composite number?
True
Let z(j) = -3*j + 1 - 139*j**3 + 4*j**2 + 172*j**3 - 2*j**2. Let o be z(1). Suppose -2*a + 336 - o = 5*r, -5*r = 15. Is a a composite number?
True
Let z(p) = -1034*p**3 + 2*p**2 - 34*p - 107. Is z(-6) a composite number?
True
Let w = -10102 - -44909. Is w a composite number?
False
Let p(b) = 3*b**2 - 7*b - 17. Let x(o) = o**2 - 4*o - 8. Let q(f) = 2*p(f) - 5*x(f). Let s be q(-6). Suppose s*n - n = 1355. Is n a prime number?
True
Suppose -550811 - 43627 = -3*z - 3*i, -4*i - 990703 = -5*z. Is z a composite number?
True
Suppose -55*o - o = 12*o - 8918744. Is o a composite number?
True
Is ((-118)/472)/(1/(-210088) - 0) a composite number?
True
Let g(r) = -54*r**3 - 45*r**2 + 55*r**3 + 5*r - 141 - 4*r**2. Is g(50) prime?
True
Suppose -o = 3*a - 15, -o - 26 + 1 = -5*a. Suppose -u + x = -o + 2, -3*x + 12 = 0. Suppose u*w - 1025 - 993 = 0. Is w a composite number?
False
Let o(j) = j**3 + 7*j**2 - j - 5. Let x be o(-7). Let u(y) = y - 854*y**3 - y - 2*y - 1 + 148*y**x - 150*y**2. Is u(-1) prime?
True
Let t be (-7)/(28/432)*2/(-3). Suppose -4*n = 4*k - 428, 2*k - 4*n - 124 = t. Let f = k - -159. Is f a composite number?
False
Let a = -157 - -323. Let m = a + -101. Is m composite?
True
Let w(g) = 3*g - 5. Let f(x) = 7*x - 9. Let d(t) = 2*f(t) - 5*w(t). Let y be d(5). Suppose -4*p + 1340 = y*r, 3*r - p = -3*p + 2018. Is r prime?
False
Let r = 462 + -480. Is 24052/2*r/(-36) prime?
False
Suppose 10*b + 15948 = 14*b. Suppose 3069 + 2247 = 4*d - 4*m, 3*d = m + b. Is d a prime number?
False
Let u(j) = -7*j**2 - 22*j + 1. Let i be u(-3). Is ((-9)/(-30)*-14324)/(i/(-10)) composite?
True
Let o(m) = -12*m + 23. Let y be o(-4). Let s = 107 - y. Is -309*((-11)/9 + 8/s) a composite number?
True
Suppose 3*q + x - 17 = 0, 3*x - 23 + 8 = 0. Suppose -q*d - 3*d = -9072. Let o = d - 17. Is o a composite number?
False
Let f(c) = 68757*c - 1844. Is f(3) prime?
True
Suppose -2*r + r + 5*r = 0. Suppose r = f + f - 44. Suppose -f*g + 26*g - 2140 = 0. Is g composite?
True
Suppose 0 = 4*y - 8*y + 14*y. Suppose -i + 278 + 144 = y. Is i prime?
False
Let i be (5/(-20))/(4/(-272)). Suppose 1128 = 3*d + 3*j, i*j + 1143 = 3*d + 15*j. Is d prime?
True
Let b = -36596 - -221305. Is b a composite number?
True
Suppose -430004 = -7*i - 64618. Is i a composite number?
True
Suppose -10*o = -7*o + 6. Let y be ((-1)/4)/(o/8)*2037. Suppose d - 399 = -0*r + 4*r, -5*d = r - y. Is d prime?
False
Suppose -126878 = 17*j + 826. Let d = j + 11615. Is d a composite number?
True
Is (-2)/(((-41)/(-123))/(303679/(-6))) prime?
True
Suppose 0 = -6*s + 33 + 3. Let r be (608/s)/(4/(-24)). Let w = 1015 - r. Is w composite?
True
Let u(o) = -o**2 + 5*o + 6*o + 3511 + 2*o**2 - 12*o. Is u(0) composite?
False
Let u(g) = 7*g**2 - 17*g - 12. Let p be u(-14). Suppose -8 = -0*a - 2*a, -2*s + p = a. Is s prime?
True
Let k(j) = 7*j**2 + 11*j - 23. Let i(d) = -4*d - 100. Let u be i(-22). Is k(u) prime?
True
Let i(w) = w**3 - 43*w**2 + 388*w - 5. Is i(81) composite?
True
Let z(t) = t**2 + 5*t + 8. Let v be z(-3). Suppose -v*b + 0*b = -3*b. Suppose b*j + j - 91 = -h, -5*h = 15. Is j composite?
True
Let j = 26 - 29. Let a = 1 - j. Suppose 257 = k - 4*d, 8 = -0*d + a*d. Is k a composite number?
True
Let h = 141182 - 45355. Is h a prime number?
False
Let l(x) = 3*x**3 - 18*x**2 - 21*x - 5. Let s(c) = 4*c - 17. Let w be s(8). Is l(w) a prime number?
False
Let q(f) be the first derivative of 3*f**4/4 - 11*f**3/3 + 3*f**2/2 - 19*f + 124. Is q(6) a composite number?
False
Let d(c) be the second derivative of 3*c**5/20 - 5*c**4/4 + 4*c**3 + 17*c**2/2 - 2*c. Is d(11) a prime number?
True
Suppose 7*d - 7650 = 25*d. Let w = -214 - d. Is w prime?
True
Let j(z) = z**3 - 4*z**2 - 3*z - 1. Let a be -4*(-3 - -22)/1. Let l = a + 82. Is j(l) composite?
False
Is 8/28 + 275/(-77)*-46245 a composite number?
False
Let g(a) = -1329*a**3 + 19*a**2 - a - 23. Is g(-6) a composite number?
False
Let i = 242849 + -127600. Is i a composite number?
False
Let i be 68 + 0/((-4)/2). Let c = i + -68. Is c/((5 + 1)/(-3)) + 745 a composite number?
True
Is 4 + 132350 - (-16 + 11) a prime number?
False
Let t(i) = 189*i**2 + 5*i + 5. Let y be (-6)/(-12) + 73/(-2). Let w = y - -34. Is t(w) prime?
True
Let m be 5 + 3 + -1 + 1 + -4. Let d(u) = 30*u**3 + 5*u**2 - u - 9. Is d(m) a composite number?
False
Let d(u) = 92*u**2 + 271*u - 169. Is d(-54) prime?
True
Let r(a) = a + 23. Let v be r(-17). Suppose o + 3105 = v*o. Let n = o - 328. Is n prime?
True
Is (-18970930)/(-627) + (-1)/(-3) a prime number?
False
Let y(n) = -57*n - 34. Let l be y(-12). Suppose -3*c + 5*w - l - 5153 = 0, 1923 = -c - 4*w. Let k = c - -4612. Is k composite?
True
Suppose -33 = -7*o + 4*o. Let t be ((-4)/10)/(o/440). Let k(a) = -12*a + 10. Is k(t) composite?
True
Suppose 13*p - 9*p = 64. Suppose 0 = -p*k + 13*k + 222. Is (-14 - 8)/((-4)/k) prime?
False
Let o(g) be the second derivative of 67*g**3/6 - 3*g**2/2 - 86*g. Is o(4) a composite number?
True
Is (3*1)/(((-254)/3029839)/((-2)/3)) prime?
True
Suppose 3*z + 6*h - 3*h = 1745778, -2327683 = -4*z + 3*h. Is z a composite number?
True
Suppose t + 7*v - 111170 = 0, 3*v - 108974 = -t + 220